{"id":6,"date":"2014-05-10T14:50:12","date_gmt":"2014-05-10T13:50:12","guid":{"rendered":"http:\/\/stein-martin-luther.net\/?page_id=6"},"modified":"2026-02-04T19:07:30","modified_gmt":"2026-02-04T18:07:30","slug":"impressum","status":"publish","type":"page","link":"https:\/\/stein-martin-luther.net\/impressum\/","title":{"rendered":"Impressum"},"content":{"rendered":"\n<p><a href=\"http:\/\/stein-martin-luther.net\">stein-martin-luther.net<\/a> und der Gemeindebrief sind Angebote der Martin-Luther-Kirchengemeinde in Stein im <a href=\"https:\/\/www.fuerth-evangelisch.de\">Dekanat F\u00fcrth<\/a> der <a rel=\"noreferrer noopener\" href=\"https:\/\/www.bayern-evangelisch.de\" target=\"_blank\">Evangelisch-Lutherischen Kirche in Bayern<\/a>.<\/p>\n\n\n\n<p class=\"has-text-align-left\"><b>Angaben nach \u00a7 5 DDG und \u00a7 18 Abs. 2 MStV<\/b><br><mark style=\"background-color:rgba(0, 0, 0, 0);color:#9328c4\" class=\"has-inline-color\">Evangelisch-Lutherische Kirchengemeinde Martin-Luther<br>K\u00f6rperschaft des \u00f6ffentlichen Rechts<\/mark><br><mark style=\"background-color:rgba(0, 0, 0, 0);color:#9328c4\" class=\"has-inline-color\">Martin-Luther-Platz 3<br>90547 Stein<br>Tel.: 0911 &#8211; 67 61 97<br>Fax: 0911 &#8211; 68 81 10<\/mark><br><a href=\"mailto:pfarramt.martinluther.stein@elkb.de\">pfarramt.martinluther.stein@elkb.de<\/a><\/p>\n\n\n\n<p>vertreten durch Pfarrer Ralph Baudisch.<\/p>\n\n\n\n<p class=\"has-text-align-left\"><strong><b>Gestaltun<\/b>g, Terminpflege<\/strong><br><a href=\"mailto:Ulrich.Kanzler@elkb.de\">Ulrich Kanzler<\/a> <\/p>\n\n\n\n<p>Der Nutzung von im Rahmen der Impressumspflicht ver\u00f6ffentlichten Kontaktdaten durch Dritte zur \u00dcbersendung von nicht ausdr\u00fccklich angeforderter Werbung und Informationsmaterialien wird hiermit ausdr\u00fccklich widersprochen. Die Betreiber der Seiten behalten sich ausdr\u00fccklich rechtliche Schritte im Falle der unverlangten Zusendung von Werbeinformationen, etwa durch Spam-Mails, vor.<\/p>\n","protected":false},"excerpt":{"rendered":"<p>stein-martin-luther.net und der Gemeindebrief sind Angebote der Martin-Luther-Kirchengemeinde in Stein im Dekanat F\u00fcrth der Evangelisch-Lutherischen Kirche in Bayern. Angaben nach \u00a7 5 DDG und \u00a7 18 Abs. 2 MStVEvangelisch-Lutherische Kirchengemeinde Martin-LutherK\u00f6rperschaft des \u00f6ffentlichen RechtsMartin-Luther-Platz 390547 SteinTel.: 0911 &#8211; 67 61 97Fax: 0911 &#8211; 68 81 10pfarramt.martinluther.stein@elkb.de vertreten durch Pfarrer Ralph<\/p>\n","protected":false},"author":1,"featured_media":0,"parent":0,"menu_order":0,"comment_status":"closed","ping_status":"open","template":"","meta":{"pgc_sgb_lightbox_settings":""},"_links":{"self":[{"href":"https:\/\/stein-martin-luther.net\/wp-json\/wp\/v2\/pages\/6"}],"collection":[{"href":"https:\/\/stein-martin-luther.net\/wp-json\/wp\/v2\/pages"}],"about":[{"href":"https:\/\/stein-martin-luther.net\/wp-json\/wp\/v2\/types\/page"}],"author":[{"embeddable":true,"href":"https:\/\/stein-martin-luther.net\/wp-json\/wp\/v2\/users\/1"}],"replies":[{"embeddable":true,"href":"https:\/\/stein-martin-luther.net\/wp-json\/wp\/v2\/comments?post=6"}],"version-history":[{"count":17,"href":"https:\/\/stein-martin-luther.net\/wp-json\/wp\/v2\/pages\/6\/revisions"}],"predecessor-version":[{"id":3253,"href":"https:\/\/stein-martin-luther.net\/wp-json\/wp\/v2\/pages\/6\/revisions\/3253"}],"wp:attachment":[{"href":"https:\/\/stein-martin-luther.net\/wp-json\/wp\/v2\/media?parent=6"}],"curies":[{"name":"wp","href":"https:\/\/api.w.org\/{rel}","templated":true}]}}

<p><a href="http://stein-martin-luther.net">stein-martin-luther.net</a> und der Gemeindebrief sind Angebote der Martin-Luther-Kirchengemeinde in Stein im <a href="https://www.fuerth-evangelisch.de">Dekanat Fürth</a> der <a rel="noreferrer noopener" href="https://www.bayern-evangelisch.de" target="_blank">Evangelisch-Lutherischen Kirche in Bayern</a>.</p>



<p class="has-text-align-left"><b>Angaben nach § 5 DDG und § 18 Abs. 2 MStV</b><br><mark style="background-color:rgba(0, 0, 0, 0);color:#9328c4" class="has-inline-color">Evangelisch-Lutherische Kirchengemeinde Martin-Luther<br>Körperschaft des öffentlichen Rechts</mark><br><mark style="background-color:rgba(0, 0, 0, 0);color:#9328c4" class="has-inline-color">Martin-Luther-Platz 3<br>90547 Stein<br>Tel.: 0911 &#8211; 67 61 97<br>Fax: 0911 &#8211; 68 81 10</mark><br><a href="mailto:pfarramt.martinluther.stein@elkb.de">pfarramt.martinluther.stein@elkb.de</a></p>



<p>vertreten durch Pfarrer Ralph Baudisch.</p>



<p class="has-text-align-left"><strong><b>Gestaltun</b>g, Terminpflege</strong><br><a href="mailto:Ulrich.Kanzler@elkb.de">Ulrich Kanzler</a> </p>



<p>Der Nutzung von im Rahmen der Impressumspflicht veröffentlichten Kontaktdaten durch Dritte zur Übersendung von nicht ausdrücklich angeforderter Werbung und Informationsmaterialien wird hiermit ausdrücklich widersprochen. Die Betreiber der Seiten behalten sich ausdrücklich rechtliche Schritte im Falle der unverlangten Zusendung von Werbeinformationen, etwa durch Spam-Mails, vor.</p>

<p>stein-martin-luther.net und der Gemeindebrief sind Angebote der Martin-Luther-Kirchengemeinde in Stein im Dekanat Fürth der Evangelisch-Lutherischen Kirche in Bayern. Angaben nach § 5 DDG und § 18 Abs. 2 MStVEvangelisch-Lutherische Kirchengemeinde Martin-LutherKörperschaft des öffentlichen RechtsMartin-Luther-Platz 390547 SteinTel.: 0911 &#8211; 67 61 97Fax: 0911 &#8211; 68 81 10pfarramt.martinluther.stein@elkb.de vertreten durch Pfarrer Ralph</p>
