{"id":505,"date":"2015-03-27T22:49:14","date_gmt":"2015-03-27T21:49:14","guid":{"rendered":"http:\/\/stein-martin-luther.net\/?page_id=505"},"modified":"2023-04-02T17:13:07","modified_gmt":"2023-04-02T15:13:07","slug":"beerdigung","status":"publish","type":"page","link":"https:\/\/stein-martin-luther.net\/?page_id=505","title":{"rendered":"Beerdigung"},"content":{"rendered":"\n<div class=\"wp-block-media-text alignwide is-stacked-on-mobile\"><figure class=\"wp-block-media-text__media\"><img loading=\"lazy\" width=\"301\" height=\"202\" src=\"https:\/\/stein-martin-luther.net\/wp-content\/uploads\/2020\/10\/grafik.png\" alt=\"\" class=\"wp-image-1910 size-full\" srcset=\"https:\/\/stein-martin-luther.net\/wp-content\/uploads\/2020\/10\/grafik.png 301w, https:\/\/stein-martin-luther.net\/wp-content\/uploads\/2020\/10\/grafik-90x60.png 90w\" sizes=\"(max-width: 301px) 100vw, 301px\" \/><\/figure><div class=\"wp-block-media-text__content\">\n<p class=\"has-normal-font-size\">Wenn Sie einen Todesfall in der Familie zu beklagen haben, wollen wir alles tun, um Sie in dieser Zeit gut zu begleiten. Wenn Sie eine Hausaussegnung w\u00fcnschen, bevor der oder die Verstorbene vom Bestatter abgeholt wird, teilen Sie das bitte dem Bestattungsunternehmen mit oder rufen Sie bei uns an. Zur Vorbereitung f\u00fcr den Trauergottesdienst ist es hilfreich, wenn Sie evtl. den Konfirmationsspruch des oder der Verstorbenen ausfindig machen k\u00f6nnen.<\/p>\n<\/div><\/div>\n\n\n\n<p>Da wir den Willen von Verstorbenen ernst nehmen wollen, ist eine kirchliche Trauerfeier f\u00fcr Ausgetretene nicht m\u00f6glich. Eine Bestattung auf dem Gemeindefriedhof ist jedoch m\u00f6glich. Weitere Informationen dazu finden Sie auf unserer Seite zum Thema <a href=\"https:\/\/stein-martin-luther.net\/?page_id=307\">Friedhof<\/a>.<\/p>\n\n\n\n<p class=\"has-text-align-left\">Sie finden auch Informationen <a href=\"http:\/\/www.bayern-evangelisch.de\/www\/glauben\/bestattung.php\">hier<\/a> auf der Seite der Evangelischen Landeskirche in Bayern. <\/p>\n\n\n\n<p><\/p>\n","protected":false},"excerpt":{"rendered":"<p>Wenn Sie einen Todesfall in der Familie zu beklagen haben, wollen wir alles tun, um Sie in dieser Zeit gut zu begleiten. Wenn Sie eine Hausaussegnung w\u00fcnschen, bevor der oder die Verstorbene vom Bestatter abgeholt wird, teilen Sie das bitte dem Bestattungsunternehmen mit oder rufen Sie bei uns an. Zur<\/p>\n","protected":false},"author":1,"featured_media":0,"parent":0,"menu_order":0,"comment_status":"closed","ping_status":"closed","template":"","meta":{"pgc_sgb_lightbox_settings":""},"_links":{"self":[{"href":"https:\/\/stein-martin-luther.net\/index.php?rest_route=\/wp\/v2\/pages\/505"}],"collection":[{"href":"https:\/\/stein-martin-luther.net\/index.php?rest_route=\/wp\/v2\/pages"}],"about":[{"href":"https:\/\/stein-martin-luther.net\/index.php?rest_route=\/wp\/v2\/types\/page"}],"author":[{"embeddable":true,"href":"https:\/\/stein-martin-luther.net\/index.php?rest_route=\/wp\/v2\/users\/1"}],"replies":[{"embeddable":true,"href":"https:\/\/stein-martin-luther.net\/index.php?rest_route=%2Fwp%2Fv2%2Fcomments&post=505"}],"version-history":[{"count":4,"href":"https:\/\/stein-martin-luther.net\/index.php?rest_route=\/wp\/v2\/pages\/505\/revisions"}],"predecessor-version":[{"id":2803,"href":"https:\/\/stein-martin-luther.net\/index.php?rest_route=\/wp\/v2\/pages\/505\/revisions\/2803"}],"wp:attachment":[{"href":"https:\/\/stein-martin-luther.net\/index.php?rest_route=%2Fwp%2Fv2%2Fmedia&parent=505"}],"curies":[{"name":"wp","href":"https:\/\/api.w.org\/{rel}","templated":true}]}}