{"id":352,"date":"2015-03-19T21:19:08","date_gmt":"2015-03-19T20:19:08","guid":{"rendered":"http:\/\/stein-martin-luther.net\/?page_id=352"},"modified":"2020-05-03T00:16:54","modified_gmt":"2020-05-02T22:16:54","slug":"eine-welt-laden","status":"publish","type":"page","link":"https:\/\/stein-martin-luther.net\/?page_id=352","title":{"rendered":"Eine-Welt-Laden"},"content":{"rendered":"<p style=\"text-align: left;\" align=\"RIGHT\">Die Eine-Welt-Gruppe in unserer Nachbargemeinde St. Jakobus betreibt seit \u00fcber 22 Jahren einen Eine-Welt-Laden.<br \/>\nDieser ist im fr\u00fcheren Milchhaus an der Locher Stra\u00dfe untergebracht.<\/p>\n<p>Die \u00d6ffnungszeiten des Eine-Welt-Ladens in Oberweihersbuch sind:<\/p>\n<p>Sonntag&nbsp; 10:30 &#8211; 11:30<br \/>\nDienstag&nbsp; 9:00 &#8211; 12:00 und 15.00 &#8211; 19.00<br \/>\nDonnerstag&nbsp; 15:00 &#8211; 17:00<\/p>\n<p style=\"text-align: left;\" align=\"RIGHT\">&nbsp;<a href=\"http:\/\/stein-martin-luther.net\/wp-content\/uploads\/2015\/03\/Milchhaus.jpg\"><img loading=\"lazy\" class=\"alignnone size-medium wp-image-780\" src=\"http:\/\/stein-martin-luther.net\/wp-content\/uploads\/2015\/03\/Milchhaus-600x451.jpg\" alt=\"Milchhaus\" width=\"600\" height=\"451\"><\/a><\/p>\n","protected":false},"excerpt":{"rendered":"<p>Die Eine-Welt-Gruppe in unserer Nachbargemeinde St. Jakobus betreibt seit \u00fcber 22 Jahren einen Eine-Welt-Laden. Dieser ist im fr\u00fcheren Milchhaus an der Locher Stra\u00dfe untergebracht. Die \u00d6ffnungszeiten des Eine-Welt-Ladens in Oberweihersbuch sind: Sonntag&nbsp; 10:30 &#8211; 11:30 Dienstag&nbsp; 9:00 &#8211; 12:00 und 15.00 &#8211; 19.00 Donnerstag&nbsp; 15:00 &#8211; 17:00 &nbsp;<\/p>\n","protected":false},"author":1,"featured_media":0,"parent":0,"menu_order":0,"comment_status":"closed","ping_status":"open","template":"page-templates\/full-width.php","meta":{"pgc_sgb_lightbox_settings":""},"_links":{"self":[{"href":"https:\/\/stein-martin-luther.net\/index.php?rest_route=\/wp\/v2\/pages\/352"}],"collection":[{"href":"https:\/\/stein-martin-luther.net\/index.php?rest_route=\/wp\/v2\/pages"}],"about":[{"href":"https:\/\/stein-martin-luther.net\/index.php?rest_route=\/wp\/v2\/types\/page"}],"author":[{"embeddable":true,"href":"https:\/\/stein-martin-luther.net\/index.php?rest_route=\/wp\/v2\/users\/1"}],"replies":[{"embeddable":true,"href":"https:\/\/stein-martin-luther.net\/index.php?rest_route=%2Fwp%2Fv2%2Fcomments&post=352"}],"version-history":[{"count":6,"href":"https:\/\/stein-martin-luther.net\/index.php?rest_route=\/wp\/v2\/pages\/352\/revisions"}],"predecessor-version":[{"id":1778,"href":"https:\/\/stein-martin-luther.net\/index.php?rest_route=\/wp\/v2\/pages\/352\/revisions\/1778"}],"wp:attachment":[{"href":"https:\/\/stein-martin-luther.net\/index.php?rest_route=%2Fwp%2Fv2%2Fmedia&parent=352"}],"curies":[{"name":"wp","href":"https:\/\/api.w.org\/{rel}","templated":true}]}}