{"id":350,"date":"2015-03-19T21:18:23","date_gmt":"2015-03-19T20:18:23","guid":{"rendered":"http:\/\/stein-martin-luther.net\/?page_id=350"},"modified":"2020-05-03T00:21:56","modified_gmt":"2020-05-02T22:21:56","slug":"maennerrunde","status":"publish","type":"page","link":"https:\/\/stein-martin-luther.net\/?page_id=350","title":{"rendered":"M\u00e4nnerrunde"},"content":{"rendered":"<p style=\"text-align: left;\" align=\"RIGHT\">Gespr\u00e4che, Aktionen, Zusammensein f\u00fcr M\u00e4nner von Mitte zwanzig bis &#8230; variabel &#8230; so Ende f\u00fcnfzig vielleicht?<\/p>\n<p style=\"text-align: left;\">Termine f\u00fcr die monatlichen Treffen finden Sie <a href=\"http:\/\/www.evangelische-termine.de\/veranstaltungen2?vid=832\">hier &#8230;<\/a><\/p>\n","protected":false},"excerpt":{"rendered":"<p>Gespr\u00e4che, Aktionen, Zusammensein f\u00fcr M\u00e4nner von Mitte zwanzig bis &#8230; variabel &#8230; so Ende f\u00fcnfzig vielleicht? Termine f\u00fcr die monatlichen Treffen finden Sie hier &#8230;<\/p>\n","protected":false},"author":1,"featured_media":0,"parent":0,"menu_order":0,"comment_status":"closed","ping_status":"closed","template":"","meta":{"pgc_sgb_lightbox_settings":""},"_links":{"self":[{"href":"https:\/\/stein-martin-luther.net\/index.php?rest_route=\/wp\/v2\/pages\/350"}],"collection":[{"href":"https:\/\/stein-martin-luther.net\/index.php?rest_route=\/wp\/v2\/pages"}],"about":[{"href":"https:\/\/stein-martin-luther.net\/index.php?rest_route=\/wp\/v2\/types\/page"}],"author":[{"embeddable":true,"href":"https:\/\/stein-martin-luther.net\/index.php?rest_route=\/wp\/v2\/users\/1"}],"replies":[{"embeddable":true,"href":"https:\/\/stein-martin-luther.net\/index.php?rest_route=%2Fwp%2Fv2%2Fcomments&post=350"}],"version-history":[{"count":2,"href":"https:\/\/stein-martin-luther.net\/index.php?rest_route=\/wp\/v2\/pages\/350\/revisions"}],"predecessor-version":[{"id":486,"href":"https:\/\/stein-martin-luther.net\/index.php?rest_route=\/wp\/v2\/pages\/350\/revisions\/486"}],"wp:attachment":[{"href":"https:\/\/stein-martin-luther.net\/index.php?rest_route=%2Fwp%2Fv2%2Fmedia&parent=350"}],"curies":[{"name":"wp","href":"https:\/\/api.w.org\/{rel}","templated":true}]}}