{"id":348,"date":"2015-03-19T21:17:54","date_gmt":"2015-03-19T20:17:54","guid":{"rendered":"http:\/\/stein-martin-luther.net\/?page_id=348"},"modified":"2020-05-03T00:21:39","modified_gmt":"2020-05-02T22:21:39","slug":"krabbelgruppen","status":"publish","type":"page","link":"https:\/\/stein-martin-luther.net\/?page_id=348","title":{"rendered":"Krabbelgruppen"},"content":{"rendered":"<p style=\"text-align: left;\" align=\"RIGHT\">In unserer Gemeinde gibt es verschiedene Krabbelgruppen f\u00fcr Kinder in unterschiedlichem Alter. Wenn Sie mit Ihrem Kind an einer Krabbelgruppe teilnehmen, oder eine weitere Krabbelgruppe anbieten wollen, melden Sie sich bitte im Pfarramt f\u00fcr n\u00e4here Informationen.<\/p>\n<p>Eine \u00dcbersicht \u00fcber die derzeit existierenden Krabbelgruppen finden sie im aktuellen Gemeindebrief.<\/p>\n<p>&nbsp;<\/p>\n","protected":false},"excerpt":{"rendered":"<p>In unserer Gemeinde gibt es verschiedene Krabbelgruppen f\u00fcr Kinder in unterschiedlichem Alter. Wenn Sie mit Ihrem Kind an einer Krabbelgruppe teilnehmen, oder eine weitere Krabbelgruppe anbieten wollen, melden Sie sich bitte im Pfarramt f\u00fcr n\u00e4here Informationen. Eine \u00dcbersicht \u00fcber die derzeit existierenden Krabbelgruppen finden sie im aktuellen Gemeindebrief. &nbsp;<\/p>\n","protected":false},"author":1,"featured_media":0,"parent":0,"menu_order":0,"comment_status":"closed","ping_status":"closed","template":"","meta":{"pgc_sgb_lightbox_settings":""},"_links":{"self":[{"href":"https:\/\/stein-martin-luther.net\/index.php?rest_route=\/wp\/v2\/pages\/348"}],"collection":[{"href":"https:\/\/stein-martin-luther.net\/index.php?rest_route=\/wp\/v2\/pages"}],"about":[{"href":"https:\/\/stein-martin-luther.net\/index.php?rest_route=\/wp\/v2\/types\/page"}],"author":[{"embeddable":true,"href":"https:\/\/stein-martin-luther.net\/index.php?rest_route=\/wp\/v2\/users\/1"}],"replies":[{"embeddable":true,"href":"https:\/\/stein-martin-luther.net\/index.php?rest_route=%2Fwp%2Fv2%2Fcomments&post=348"}],"version-history":[{"count":4,"href":"https:\/\/stein-martin-luther.net\/index.php?rest_route=\/wp\/v2\/pages\/348\/revisions"}],"predecessor-version":[{"id":490,"href":"https:\/\/stein-martin-luther.net\/index.php?rest_route=\/wp\/v2\/pages\/348\/revisions\/490"}],"wp:attachment":[{"href":"https:\/\/stein-martin-luther.net\/index.php?rest_route=%2Fwp%2Fv2%2Fmedia&parent=348"}],"curies":[{"name":"wp","href":"https:\/\/api.w.org\/{rel}","templated":true}]}}