{"id":329,"date":"2015-03-19T21:06:36","date_gmt":"2015-03-19T20:06:36","guid":{"rendered":"http:\/\/stein-martin-luther.net\/?page_id=329"},"modified":"2023-04-02T17:59:09","modified_gmt":"2023-04-02T15:59:09","slug":"zusammenarbeit","status":"publish","type":"page","link":"https:\/\/stein-martin-luther.net\/?page_id=329","title":{"rendered":"Links"},"content":{"rendered":"\n<p class=\"has-text-align-left\">Die Martin-Luther-Gemeinde geh\u00f6rt zur <a href=\"http:\/\/www.bayern-evangelisch.de\">Evangelisch-Lutherischen Kirche in Bayern<\/a> und zum <a href=\"http:\/\/www.fuerth-evangelisch.de\">Dekanat F\u00fcrth<\/a>, Region S\u00fcd.<br>Wir arbeiten mit den Steiner Nachbargemeinden <a href=\"http:\/\/www.paul-gerhardt-kirche-stein.de\/\">Paul-Gerhardt-Kirche<\/a> und <a href=\"http:\/\/www.jakobus-online.de\">St. Jakobus<\/a>, sowie der r\u00f6misch-katholischen Schwestergemeinde <a href=\"http:\/\/www.bistum-eichstaett.de\/pfarrei\/stein\/\">St. Albertus Magnus<\/a> zusammen.<\/p>\n\n\n\n<p class=\"has-text-align-left\">Wir kooperieren mit der <a href=\"http:\/\/www.lkg-stein.de\">Landeskirchlichen Gemeinschaft Stein<\/a> und dem <a href=\"http:\/\/www.lkg-stein.de\">EC Stein<\/a>.<\/p>\n\n\n\n<p class=\"has-text-align-left\">Wir sind Mitglied des <a href=\"http:\/\/www.diakonie-stein.de\/\">Diakonievereins Stein<\/a> mit seiner Diakoniestation und der Einrichtung der N\u00e4chstenhilfe.<\/p>\n\n\n\n<p class=\"has-text-align-left\">Wir stehen in gutem Kontakt mit dem <a href=\"https:\/\/www.stadt-stein.de\/leben\/soziales\/lichtblick-sozialverein-e-v\" data-type=\"URL\" data-id=\"https:\/\/www.stadt-stein.de\/leben\/soziales\/lichtblick-sozialverein-e-v\">Sozialverein Lichtblick <\/a>und der <a href=\"http:\/\/www.fuerther-tafel.de\/\">F\u00fcrther Tafel<\/a>, Ausgabestelle Stein.<\/p>\n","protected":false},"excerpt":{"rendered":"<p>Die Martin-Luther-Gemeinde geh\u00f6rt zur Evangelisch-Lutherischen Kirche in Bayern und zum Dekanat F\u00fcrth, Region S\u00fcd.Wir arbeiten mit den Steiner Nachbargemeinden Paul-Gerhardt-Kirche und St. Jakobus, sowie der r\u00f6misch-katholischen Schwestergemeinde St. Albertus Magnus zusammen. Wir kooperieren mit der Landeskirchlichen Gemeinschaft Stein und dem EC Stein. Wir sind Mitglied des Diakonievereins Stein mit seiner<\/p>\n","protected":false},"author":1,"featured_media":0,"parent":0,"menu_order":0,"comment_status":"closed","ping_status":"closed","template":"","meta":{"pgc_sgb_lightbox_settings":""},"_links":{"self":[{"href":"https:\/\/stein-martin-luther.net\/index.php?rest_route=\/wp\/v2\/pages\/329"}],"collection":[{"href":"https:\/\/stein-martin-luther.net\/index.php?rest_route=\/wp\/v2\/pages"}],"about":[{"href":"https:\/\/stein-martin-luther.net\/index.php?rest_route=\/wp\/v2\/types\/page"}],"author":[{"embeddable":true,"href":"https:\/\/stein-martin-luther.net\/index.php?rest_route=\/wp\/v2\/users\/1"}],"replies":[{"embeddable":true,"href":"https:\/\/stein-martin-luther.net\/index.php?rest_route=%2Fwp%2Fv2%2Fcomments&post=329"}],"version-history":[{"count":6,"href":"https:\/\/stein-martin-luther.net\/index.php?rest_route=\/wp\/v2\/pages\/329\/revisions"}],"predecessor-version":[{"id":2818,"href":"https:\/\/stein-martin-luther.net\/index.php?rest_route=\/wp\/v2\/pages\/329\/revisions\/2818"}],"wp:attachment":[{"href":"https:\/\/stein-martin-luther.net\/index.php?rest_route=%2Fwp%2Fv2%2Fmedia&parent=329"}],"curies":[{"name":"wp","href":"https:\/\/api.w.org\/{rel}","templated":true}]}}